{"id":80,"date":"2026-01-22T18:25:04","date_gmt":"2026-01-22T18:25:04","guid":{"rendered":"https:\/\/mikset.fi\/?page_id=80"},"modified":"2026-01-22T18:37:52","modified_gmt":"2026-01-22T18:37:52","slug":"tapahtumat","status":"publish","type":"page","link":"https:\/\/mikset.fi\/?page_id=80","title":{"rendered":"Tapahtumat"},"content":{"rendered":"\n\n\n<p>Paikalliset tapahtumat l\u00f6yd\u00e4t tapahtumakalenteristamme <a href=\"https:\/\/mikset.fi\/?post_type=tribe_events\" data-type=\"link\" data-id=\"https:\/\/mikset.fi\/?post_type=tribe_events\">t\u00e4\u00e4lt\u00e4<\/a>.<\/p>\n\n\n\n<p>Ammattiliitto PRO ry tapahtumakalenteri l\u00f6ytyy <a href=\"https:\/\/proliitto.fi\/fi\/tyoelaman-koulutukset-ja-muut-pron-tapahtumat\">t\u00e4\u00e4lt\u00e4<\/a>.<br>Huomioithan, ett\u00e4 liiton tapahtumiin ilmoittautuessasi, sinun tulee kirjautua j\u00e4sennumerollasi palveluun.<\/p>\n\n\n\n<p><\/p>\n","protected":false},"excerpt":{"rendered":"<p>Paikalliset tapahtumat l\u00f6yd\u00e4t tapahtumakalenteristamme t\u00e4\u00e4lt\u00e4. Ammattiliitto PRO ry tapahtumakalenteri l\u00f6ytyy t\u00e4\u00e4lt\u00e4.Huomioithan, ett\u00e4 liiton tapahtumiin ilmoittautuessasi, sinun tulee kirjautua j\u00e4sennumerollasi palveluun.<\/p>\n","protected":false},"author":1,"featured_media":0,"parent":0,"menu_order":0,"comment_status":"closed","ping_status":"closed","template":"","meta":{"zakra_page_container_layout":"customizer","zakra_page_sidebar_layout":"customizer","zakra_remove_content_margin":false,"zakra_sidebar":"customizer","zakra_transparent_header":"customizer","zakra_logo":0,"zakra_main_header_style":"default","zakra_menu_item_color":"","zakra_menu_item_hover_color":"","zakra_menu_item_active_color":"","zakra_menu_active_style":"","zakra_page_header":true,"footnotes":""},"class_list":["post-80","page","type-page","status-publish","hentry"],"_links":{"self":[{"href":"https:\/\/mikset.fi\/index.php?rest_route=\/wp\/v2\/pages\/80","targetHints":{"allow":["GET"]}}],"collection":[{"href":"https:\/\/mikset.fi\/index.php?rest_route=\/wp\/v2\/pages"}],"about":[{"href":"https:\/\/mikset.fi\/index.php?rest_route=\/wp\/v2\/types\/page"}],"author":[{"embeddable":true,"href":"https:\/\/mikset.fi\/index.php?rest_route=\/wp\/v2\/users\/1"}],"replies":[{"embeddable":true,"href":"https:\/\/mikset.fi\/index.php?rest_route=%2Fwp%2Fv2%2Fcomments&post=80"}],"version-history":[{"count":3,"href":"https:\/\/mikset.fi\/index.php?rest_route=\/wp\/v2\/pages\/80\/revisions"}],"predecessor-version":[{"id":86,"href":"https:\/\/mikset.fi\/index.php?rest_route=\/wp\/v2\/pages\/80\/revisions\/86"}],"wp:attachment":[{"href":"https:\/\/mikset.fi\/index.php?rest_route=%2Fwp%2Fv2%2Fmedia&parent=80"}],"curies":[{"name":"wp","href":"https:\/\/api.w.org\/{rel}","templated":true}]}}